{"id":6148,"date":"2025-02-18T17:19:35","date_gmt":"2025-02-18T16:19:35","guid":{"rendered":"https:\/\/www.chateaulafrance.com\/?page_id=6148"},"modified":"2025-02-25T15:36:11","modified_gmt":"2025-02-25T14:36:11","slug":"evenements-professionnels","status":"publish","type":"page","link":"https:\/\/www.chateaulafrance.com\/en\/evenements-professionnels\/","title":{"rendered":"(Fran\u00e7ais) \u00c9v\u00e9nements Professionnels"},"content":{"rendered":"<p><\/p>\n<p>The reception room at Ch\u00e2teau la France is getting a makeover! From spring 2026, the new 190 m\u00b2 room and its glass roof will offer an ideal setting for your professional receptions: study days, conferences, Team Building, Cocktail parties and product kickoffs&#8230;\u00a0\u00a0<\/p>\n<p>In the meantime, we are waiting for you in our other property, Le Ch\u00e2teau de Seguin for all your events to be organized before June 2025.<\/p>\n<p><center><a class=\"btn btn-default\" href=\"https:\/\/www.chateaulafrance.com\/en\/contact\/\" target=\"_blank\" rel=\"noopener\"> <i class=\"fa fa-calendar-check-o fa-fw\" aria-hidden=\"true\"><\/i> More information<\/a><\/center><center><a class=\"btn btn-default\" href=\"https:\/\/chateaudeseguinevents.com\/\" target=\"_blank\" rel=\"noopener\"> Discover Ch\u00e2teau de Seguin <\/a><\/center><\/p>","protected":false},"excerpt":{"rendered":"<p>The reception room at Ch\u00e2teau la France is getting a makeover! From spring 2026, the new 190 m\u00b2 room and its glass roof will offer an ideal setting for your professional receptions: study days, conferences, Team Building, Cocktail parties and [&hellip;]<\/p>\n","protected":false},"author":3,"featured_media":0,"parent":0,"menu_order":0,"comment_status":"closed","ping_status":"closed","template":"","meta":{"_acf_changed":false,"footnotes":""},"class_list":["post-6148","page","type-page","status-publish","hentry"],"acf":[],"yoast_head":"<!-- This site is optimized with the Yoast SEO plugin v27.5 - https:\/\/yoast.com\/product\/yoast-seo-wordpress\/ -->\n<title>(Fran\u00e7ais) \u00c9v\u00e9nements Professionnels - Ch\u00e2teau La France<\/title>\n<meta name=\"robots\" content=\"index, follow, max-snippet:-1, max-image-preview:large, max-video-preview:-1\" \/>\n<link rel=\"canonical\" href=\"https:\/\/www.chateaulafrance.com\/en\/evenements-professionnels\/\" \/>\n<meta property=\"og:locale\" content=\"en_US\" \/>\n<meta property=\"og:type\" content=\"article\" \/>\n<meta property=\"og:title\" content=\"(Fran\u00e7ais) \u00c9v\u00e9nements Professionnels - Ch\u00e2teau La France\" \/>\n<meta property=\"og:description\" content=\"The reception room at Ch\u00e2teau la France is getting a makeover! From spring 2026, the new 190 m\u00b2 room and its glass roof will offer an ideal setting for your professional receptions: study days, conferences, Team Building, Cocktail parties and [&hellip;]\" \/>\n<meta property=\"og:url\" content=\"https:\/\/www.chateaulafrance.com\/en\/evenements-professionnels\/\" \/>\n<meta property=\"og:site_name\" content=\"Ch\u00e2teau La France\" \/>\n<meta property=\"article:modified_time\" content=\"2025-02-25T14:36:11+00:00\" \/>\n<meta name=\"twitter:card\" content=\"summary_large_image\" \/>\n<meta name=\"twitter:label1\" content=\"Est. reading time\" \/>\n\t<meta name=\"twitter:data1\" content=\"1 minute\" \/>\n<script type=\"application\/ld+json\" class=\"yoast-schema-graph\">{\"@context\":\"https:\\\/\\\/schema.org\",\"@graph\":[{\"@type\":\"WebPage\",\"@id\":\"https:\\\/\\\/www.chateaulafrance.com\\\/en\\\/evenements-professionnels\\\/\",\"url\":\"https:\\\/\\\/www.chateaulafrance.com\\\/en\\\/evenements-professionnels\\\/\",\"name\":\"(Fran\u00e7ais) \u00c9v\u00e9nements Professionnels - Ch\u00e2teau La France\",\"isPartOf\":{\"@id\":\"https:\\\/\\\/www.chateaulafrance.com\\\/en\\\/#website\"},\"datePublished\":\"2025-02-18T16:19:35+00:00\",\"dateModified\":\"2025-02-25T14:36:11+00:00\",\"breadcrumb\":{\"@id\":\"https:\\\/\\\/www.chateaulafrance.com\\\/en\\\/evenements-professionnels\\\/#breadcrumb\"},\"inLanguage\":\"en-US\",\"potentialAction\":[{\"@type\":\"ReadAction\",\"target\":[[\"https:\\\/\\\/www.chateaulafrance.com\\\/en\\\/evenements-professionnels\\\/\"]]}]},{\"@type\":\"BreadcrumbList\",\"@id\":\"https:\\\/\\\/www.chateaulafrance.com\\\/en\\\/evenements-professionnels\\\/#breadcrumb\",\"itemListElement\":[{\"@type\":\"ListItem\",\"position\":1,\"name\":\"Accueil\",\"item\":\"https:\\\/\\\/www.chateaulafrance.com\\\/en\\\/\"},{\"@type\":\"ListItem\",\"position\":2,\"name\":\"(Fran\u00e7ais) \u00c9v\u00e9nements Professionnels\"}]},{\"@type\":\"WebSite\",\"@id\":\"https:\\\/\\\/www.chateaulafrance.com\\\/en\\\/#website\",\"url\":\"https:\\\/\\\/www.chateaulafrance.com\\\/en\\\/\",\"name\":\"Ch\u00e2teau La France\",\"description\":\"Une marque des Vignobles Mottet\",\"potentialAction\":[{\"@type\":\"SearchAction\",\"target\":{\"@type\":\"EntryPoint\",\"urlTemplate\":\"https:\\\/\\\/www.chateaulafrance.com\\\/en\\\/?s={search_term_string}\"},\"query-input\":{\"@type\":\"PropertyValueSpecification\",\"valueRequired\":true,\"valueName\":\"search_term_string\"}}],\"inLanguage\":\"en-US\"}]}<\/script>\n<!-- \/ Yoast SEO plugin. -->","yoast_head_json":{"title":"(Fran\u00e7ais) \u00c9v\u00e9nements Professionnels - Ch\u00e2teau La France","robots":{"index":"index","follow":"follow","max-snippet":"max-snippet:-1","max-image-preview":"max-image-preview:large","max-video-preview":"max-video-preview:-1"},"canonical":"https:\/\/www.chateaulafrance.com\/en\/evenements-professionnels\/","og_locale":"en_US","og_type":"article","og_title":"(Fran\u00e7ais) \u00c9v\u00e9nements Professionnels - Ch\u00e2teau La France","og_description":"The reception room at Ch\u00e2teau la France is getting a makeover! From spring 2026, the new 190 m\u00b2 room and its glass roof will offer an ideal setting for your professional receptions: study days, conferences, Team Building, Cocktail parties and [&hellip;]","og_url":"https:\/\/www.chateaulafrance.com\/en\/evenements-professionnels\/","og_site_name":"Ch\u00e2teau La France","article_modified_time":"2025-02-25T14:36:11+00:00","twitter_card":"summary_large_image","twitter_misc":{"Est. reading time":"1 minute"},"schema":{"@context":"https:\/\/schema.org","@graph":[{"@type":"WebPage","@id":"https:\/\/www.chateaulafrance.com\/en\/evenements-professionnels\/","url":"https:\/\/www.chateaulafrance.com\/en\/evenements-professionnels\/","name":"(Fran\u00e7ais) \u00c9v\u00e9nements Professionnels - Ch\u00e2teau La France","isPartOf":{"@id":"https:\/\/www.chateaulafrance.com\/en\/#website"},"datePublished":"2025-02-18T16:19:35+00:00","dateModified":"2025-02-25T14:36:11+00:00","breadcrumb":{"@id":"https:\/\/www.chateaulafrance.com\/en\/evenements-professionnels\/#breadcrumb"},"inLanguage":"en-US","potentialAction":[{"@type":"ReadAction","target":[["https:\/\/www.chateaulafrance.com\/en\/evenements-professionnels\/"]]}]},{"@type":"BreadcrumbList","@id":"https:\/\/www.chateaulafrance.com\/en\/evenements-professionnels\/#breadcrumb","itemListElement":[{"@type":"ListItem","position":1,"name":"Accueil","item":"https:\/\/www.chateaulafrance.com\/en\/"},{"@type":"ListItem","position":2,"name":"(Fran\u00e7ais) \u00c9v\u00e9nements Professionnels"}]},{"@type":"WebSite","@id":"https:\/\/www.chateaulafrance.com\/en\/#website","url":"https:\/\/www.chateaulafrance.com\/en\/","name":"Ch\u00e2teau La France","description":"Une marque des Vignobles Mottet","potentialAction":[{"@type":"SearchAction","target":{"@type":"EntryPoint","urlTemplate":"https:\/\/www.chateaulafrance.com\/en\/?s={search_term_string}"},"query-input":{"@type":"PropertyValueSpecification","valueRequired":true,"valueName":"search_term_string"}}],"inLanguage":"en-US"}]}},"_links":{"self":[{"href":"https:\/\/www.chateaulafrance.com\/en\/wp-json\/wp\/v2\/pages\/6148","targetHints":{"allow":["GET"]}}],"collection":[{"href":"https:\/\/www.chateaulafrance.com\/en\/wp-json\/wp\/v2\/pages"}],"about":[{"href":"https:\/\/www.chateaulafrance.com\/en\/wp-json\/wp\/v2\/types\/page"}],"author":[{"embeddable":true,"href":"https:\/\/www.chateaulafrance.com\/en\/wp-json\/wp\/v2\/users\/3"}],"replies":[{"embeddable":true,"href":"https:\/\/www.chateaulafrance.com\/en\/wp-json\/wp\/v2\/comments?post=6148"}],"version-history":[{"count":4,"href":"https:\/\/www.chateaulafrance.com\/en\/wp-json\/wp\/v2\/pages\/6148\/revisions"}],"predecessor-version":[{"id":6250,"href":"https:\/\/www.chateaulafrance.com\/en\/wp-json\/wp\/v2\/pages\/6148\/revisions\/6250"}],"wp:attachment":[{"href":"https:\/\/www.chateaulafrance.com\/en\/wp-json\/wp\/v2\/media?parent=6148"}],"curies":[{"name":"wp","href":"https:\/\/api.w.org\/{rel}","templated":true}]}}

(Français) Événements Professionnels

<p></p>
<p>The reception room at Château la France is getting a makeover! From spring 2026, the new 190 m² room and its glass roof will offer an ideal setting for your professional receptions: study days, conferences, Team Building, Cocktail parties and product kickoffs&#8230;  </p>
<p>In the meantime, we are waiting for you in our other property, Le Château de Seguin for all your events to be organized before June 2025.</p>
<p><center><a class="btn btn-default" href="https://www.chateaulafrance.com/en/contact/" target="_blank" rel="noopener"> <i class="fa fa-calendar-check-o fa-fw" aria-hidden="true"></i> More information</a></center><center><a class="btn btn-default" href="https://chateaudeseguinevents.com/" target="_blank" rel="noopener"> Discover Château de Seguin </a></center></p>

<p>The reception room at Château la France is getting a makeover! From spring 2026, the new 190 m² room and its glass roof will offer an ideal setting for your professional receptions: study days, conferences, Team Building, Cocktail parties and [&hellip;]</p>

<!-- This site is optimized with the Yoast SEO plugin v27.5 - https://yoast.com/product/yoast-seo-wordpress/ -->
<title>(Français) Événements Professionnels - Château La France</title>
<meta name="robots" content="index, follow, max-snippet:-1, max-image-preview:large, max-video-preview:-1" />
<link rel="canonical" href="https://www.chateaulafrance.com/en/evenements-professionnels/" />
<meta property="og:locale" content="en_US" />
<meta property="og:type" content="article" />
<meta property="og:title" content="(Français) Événements Professionnels - Château La France" />
<meta property="og:description" content="The reception room at Château la France is getting a makeover! From spring 2026, the new 190 m² room and its glass roof will offer an ideal setting for your professional receptions: study days, conferences, Team Building, Cocktail parties and [&hellip;]" />
<meta property="og:url" content="https://www.chateaulafrance.com/en/evenements-professionnels/" />
<meta property="og:site_name" content="Château La France" />
<meta property="article:modified_time" content="2025-02-25T14:36:11+00:00" />
<meta name="twitter:card" content="summary_large_image" />
<meta name="twitter:label1" content="Est. reading time" />
	<meta name="twitter:data1" content="1 minute" />
<script type="application/ld+json" class="yoast-schema-graph">{"@context":"https:\/\/schema.org","@graph":[{"@type":"WebPage","@id":"https:\/\/www.chateaulafrance.com\/en\/evenements-professionnels\/","url":"https:\/\/www.chateaulafrance.com\/en\/evenements-professionnels\/","name":"(Français) Événements Professionnels - Château La France","isPartOf":{"@id":"https:\/\/www.chateaulafrance.com\/en\/#website"},"datePublished":"2025-02-18T16:19:35+00:00","dateModified":"2025-02-25T14:36:11+00:00","breadcrumb":{"@id":"https:\/\/www.chateaulafrance.com\/en\/evenements-professionnels\/#breadcrumb"},"inLanguage":"en-US","potentialAction":[{"@type":"ReadAction","target":[["https:\/\/www.chateaulafrance.com\/en\/evenements-professionnels\/"]]}]},{"@type":"BreadcrumbList","@id":"https:\/\/www.chateaulafrance.com\/en\/evenements-professionnels\/#breadcrumb","itemListElement":[{"@type":"ListItem","position":1,"name":"Accueil","item":"https:\/\/www.chateaulafrance.com\/en\/"},{"@type":"ListItem","position":2,"name":"(Français) Événements Professionnels"}]},{"@type":"WebSite","@id":"https:\/\/www.chateaulafrance.com\/en\/#website","url":"https:\/\/www.chateaulafrance.com\/en\/","name":"Château La France","description":"Une marque des Vignobles Mottet","potentialAction":[{"@type":"SearchAction","target":{"@type":"EntryPoint","urlTemplate":"https:\/\/www.chateaulafrance.com\/en\/?s={search_term_string}"},"query-input":{"@type":"PropertyValueSpecification","valueRequired":true,"valueName":"search_term_string"}}],"inLanguage":"en-US"}]}</script>
<!-- / Yoast SEO plugin. -->

(Français) Événements Professionnels - Château La France

The reception room at Château la France is getting a makeover! From spring 2026, the new 190 m² room and its glass roof will offer an ideal setting for your professional receptions: study days, conferences, Team Building, Cocktail parties and [&hellip;]

Château La France
